se 4*b - 2*d - 52 = -3*d, 0 = -5*b - 2*d + 62. Let l = 69 - 29. What is the remainder when l is divided by b?
12
Let v(z) = 2*z**3 - 4*z - 1. Calculate the remainder when 210/8 - 1/4 is divided by v(2).
5
Suppose n - 6*n = -40. Let z(l) = l**2 + 7*l + 3. What is the remainder when n is divided by z(-7)?
2
Suppose -4*a = -8*a + 28. Calculate the remainder when a is divided by 2.
1
Let j = 120 + -93. Calculate the remainder when 78 is divided by j.
24
Calculate the remainder when -2 + (-48)/(-21) - 514/(-14) is divided by 8.
5
Suppose 4*z - 3*h = 51 + 11, -4*z = h - 54. What is the remainder when 55 is divided by z?
13
Suppose -19 + 6 = -d. Suppose -5*b + 3*b + 88 = 0. Calculate the remainder when 1/1 + b + -9 is divided by d.
10
Let t(p) = p + 4 - 1 + 3. Suppose -3*o + 5 = -2*o + 3*z, -4*o - 2*z = -10. Calculate the remainder when o is divided by t(-4).
0
Suppose 3*t - 4*u - 10 = 0, 10 = -2*t + 3*t + 2*u. What is the remainder when t is divided by 4?
2
Let x = 132 + 144. What is the remainder when x is divided by 31?
28
Suppose -3*w + 17 = -r, -2*r - 3*w - 26 = -w. Let a = r + 10. Let d(i) = -2*i + 4. Calculate the remainder when 22 is divided by d(a).
10
Let h(y) = 110*y**3 - 1. Calculate the remainder when h(1) is divided by 14.
11
Calculate the remainder when 48 is divided by 15/(-4)*8/(-3).
8
Let n(f) = f**2 - 2*f. Suppose -2*x = -6*x + 16. Let r = -8 - -13. Calculate the remainder when n(x) is divided by r.
3
Let t(x) = -x**3 + 11*x**2 + x - 8. Let f be t(11). What is the remainder when (f - 23)/4*-1 is divided by 4?
1
Let f = 3 + -1. Let d(w) = w**2 - 2*w + 3. Let t(r) = -r**2 + r + 8. What is the remainder when t(0) is divided by d(f)?
2
Suppose z = -z + 6. Calculate the remainder when 30 is divided by z + -7 + 2 + 13.
8
Let x(o) = o**2 + 20*o + 64. Let g(a) = 4*a + 3 - 3*a**2 - a**3 + 0*a**3 + 2. Calculate the remainder when x(-17) is divided by g(-4).
3
Suppose -161 + 62 = -9*x. What is the remainder when 87 is divided by x?
10
Let l = 112 + 65. What is the remainder when l is divided by 30?
27
Suppose 4*o + 0*f = f + 15, o - 3*f = -10. Calculate the remainder when 16 is divided by o.
1
Suppose 4*z - 5*b - 181 = 0, 0*z - 4*z - 2*b = -146. Suppose 0 = -f + k + 10, 0 = 6*k - 4*k. What is the remainder when z is divided by f?
9
Let n = 87 - 30. Suppose -2*m + n = k, 3*m + 4*k - 83 = -0*m. Calculate the remainder when m is divided by 8.
5
Suppose 0 = t - 3*t - 4. Let d(m) = m**2 + 3*m + 29 - 27 + m**2 + 9*m**2. Calculate the remainder when d(t) is divided by 14.
12
Suppose -5*r + 70 = 5*b, 0 = 2*b + r - 6*r. Calculate the remainder when 39 is divided by b.
9
Let s be (-2)/4 - 27/(-6). Suppose s*u = -4*z + 312, -5*z - 3*u + 0*u = -396. What is the remainder when z is divided by 21?
18
Suppose 0 = 5*h - 10*h + 4*f + 62, 22 = h - 4*f. Calculate the remainder when 29 is divided by h.
9
Calculate the remainder when 2346/68*((-10)/(-6) - 1) is divided by 8.
7
Suppose 0 = 3*c - 5*u - 64, -4*c - 2*u = c - 86. What is the remainder when 34 is divided by c?
16
Suppose 4*x - 70 - 2 = 0. Calculate the remainder when x is divided by 10.
8
Suppose -39 = 2*z + 7. Let p = z - -26. Calculate the remainder when p is divided by 1.
0
Let s = -12 + 24. Suppose y - t - 14 = 5*y, 5*y + 16 = -2*t. Let m(j) = -j**3 - 5*j**2 - 6*j - 1. Calculate the remainder when s is divided by m(y).
5
Suppose 55 = 2*d + 45. Calculate the remainder when 16 is divided by d.
1
Let c = 3 - 3. What is the remainder when (-1 - (-19 - c)) + -3 is divided by 4?
3
Let i(h) = 5*h + 2. Suppose 0*b - 196 = -4*x - 4*b, -57 = -x - 5*b. Let a = -14 + x. Calculate the remainder when a is divided by i(3).
16
Let y = -25 + 34. What is the remainder when y is divided by 3?
0
Suppose 2 + 2 = 2*r. What is the remainder when r is divided by 1?
0
Let i = 19 + -9. Suppose -2*y + i = 3*y. Let u(o) = 2*o**3 + 3*o**2 - 2*o + 3. What is the remainder when u(y) is divided by 14?
13
Suppose 0 = 2*l - p - 83, 88 = 2*l + 4*p - 0*p. Suppose 3*m - l = -4*s + m, 0 = -5*s - 4*m + 54. What is the remainder when s is divided by 4?
2
Let r(a) = a**3 + 16*a**2 - 3*a - 36. What is the remainder when r(-16) is divided by 1?
0
Let p(a) = 12*a**2 + 3*a - 3. Calculate the remainder when 18 is divided by p(1).
6
Suppose -3*d + 0*d + 2*i = 11, 3*i - 9 = -3*d. Suppose r + 3*q = -r - 23, 5*r - 5*q - 5 = 0. What is the remainder when 21 is divided by d/(-2) + (-42)/r?
10
Let k(o) = -2*o**2 - 12 + 3*o**2 + 11. Let h be k(2). Suppose -2*u - 2*z + 2 = 0, -4*u + 2*z + 7 = -h. Calculate the remainder when 4 is divided by u.
0
Suppose -2*h - 3*r + 27 = 0, 0 = -r - r + 2. Let j be 927/36 + 1/4. Let v = j - 4. What is the remainder when v is divided by h?
10
Suppose 30 = 4*j - 42. Let t(c) = -c + 1. Let v(g) = g**2 - 7*g + 17. Let i(m) = -6*t(m) + v(m). Calculate the remainder when i(-6) is divided by j.
17
Suppose -5*y = -4*p + 3, -7*p + 3*p - y + 33 = 0. Suppose -d - p + 23 = 0. Calculate the remainder when 79 is divided by d.
15
Suppose -5*j = -581 + 51. What is the remainder when j is divided by 27?
25
Let h(b) = 8*b**3 - 2*b**2 + 1. What is the remainder when h(1) is divided by (-6)/5*-5 + -2?
3
Let b = 195 - 145. Calculate the remainder when 96 is divided by b.
46
Calculate the remainder when 154 is divided by -3 - -4 - 5 - -17.
11
Let r = -6 - -19. Let o(c) = -7*c - 5. What is the remainder when o(-8) is divided by r?
12
Let f(i) = i**2 - 3*i - 6. Let d be f(7). Suppose d = 3*u + 4*j, 36 = 3*u + u + 2*j. What is the remainder when 28 is divided by u?
8
Calculate the remainder when 51 is divided by (14 - -1 - (9 - 7))/1.
12
Suppose -4*j - 4*a + 16 = 0, -j + 5*a - 2*a = -12. Calculate the remainder when 34 is divided by j.
4
Suppose 5*x = 25 + 5. Suppose -2*s + x = -6. Suppose 22 = -0*w + 2*w. What is the remainder when w is divided by s?
5
Suppose -o = 4*n - 28 + 1, 0 = 4*o - n - 74. Suppose z - 9*b = -4*b + 62, -25 = 5*b. Suppose 2*q - z = q. What is the remainder when q is divided by o?
18
Let a(b) = 2*b**3 - 4*b**2 - 3*b + 3. Calculate the remainder when a(4) is divided by 21/45*3*10.
13
Suppose -34 = -g + 2*p + 78, 0 = 3*g + 4*p - 286. Calculate the remainder when g is divided by 21.
18
Suppose 0*p = p. Let t = p + 5. What is the remainder when 14 is divided by t?
4
Let j be 2/(-3)*6/(-1). Let b = 13 - j. Calculate the remainder when 26 is divided by b.
8
Let k(t) = -6*t - 4. Calculate the remainder when 14 is divided by k(-2).
6
Let q = -12 - -14. Suppose q*r - 5*r + 45 = 0. Calculate the remainder when 28 is divided by r.
13
Let r be 1/((10/(-4))/(-5)). Suppose n = -r*n + 78. Suppose 2*h = 4*m - 5*m + 19, 0 = 4*m + 5*h - 61. What is the remainder when n is divided by m?
8
Let t(p) = -p**3 - 2*p**2 + p + 6. Calculate the remainder when 33 is divided by t(-3).
9
Let g(r) be the first derivative of 2*r**3/3 + r**2/2 - 2*r + 1. Let c(n) be the first derivative of g(n). What is the remainder when 25 is divided by c(3)?
12
Suppose 0 = q - 0*q - 3. Let p = 4 - -1. Suppose -3*t = -p - 1. Calculate the remainder when q is divided by t.
1
Suppose 0 = -2*w + 6*w + c - 172, -3*c + 215 = 5*w. What is the remainder when 126 is divided by w?
40
Suppose 20 = 4*q, -3*n - 3*q = -23 - 13. What is the remainder when n is divided by 5?
2
What is the remainder when 21 is divided by (3/(-9))/(14/(-462))?
10
Let h = -24 - -17. Let l(c) = c**3 + 7*c**2 - 2*c - 9. Let s be l(h). Let g = 2 + s. Calculate the remainder when 19 is divided by g.
5
Suppose 2*v + 3*c - 96 = 0, v + 0*c - 55 = -5*c. Calculate the remainder when v is divided by 12.
9
Let s = -23 + 35. Suppose -2 - 2 = 2*b. Calculate the remainder when 4*(b - 43/(-4)) is divided by s.
11
Calculate the remainder when 50 is divided by 984/60 - (-6)/10.
16
Let u(w) = w + 10. Let z be (-90)/(-4)*6/9. Let f = z - 7. Calculate the remainder when f is divided by u(-5).
3
Let b = 37 - 0. Calculate the remainder when b is divided by 21.
16
Let v be 11*((-3 - -7) + -2). Suppose 3*r - 51 = 2*b, r = -3*b + 2*b + v. What is the remainder when 36 is divided by r?
17
Let z be (12/(-9))/((-6)/9). Suppose -5*b = -4*o - 7, -2*b + 0*b - z = 0. Let a = 23 + o. Calculate the remainder when a is divided by 7.
6
Suppose d = -1 - 5. Let w be (d/(-4))/((-6)/(-12)). What is the remainder when (-8)/(w + (-13)/4) i